of 25288549?
True
Is 3875111 a multiple of 418?
False
Is 1459554 a multiple of 50?
False
Is 60 a factor of 49680?
True
Is 14 a factor of 1012508?
True
Does 10 divide 7910?
True
Is 77 a factor of 81851?
True
Is 686984 a multiple of 122?
False
Is 422405 a multiple of 3?
False
Is 7 a factor of 1497069?
True
Does 116 divide 149843?
False
Is 322595 a multiple of 8?
False
Does 18 divide 52718?
False
Does 6 divide 1398048?
True
Is 983887 a multiple of 659?
True
Is 14199 a multiple of 3?
True
Is 97214 a multiple of 264?
False
Does 739 divide 16873587?
True
Is 22 a factor of 278036?
True
Does 362 divide 470727?
False
Does 19 divide 893722?
True
Is 17072 a multiple of 78?
False
Does 67 divide 902021?
True
Is 50 a factor of 398381?
False
Is 2553906 a multiple of 35?
False
Is 56448 a multiple of 21?
True
Is 6068700 a multiple of 20?
True
Is 86072 a multiple of 19?
False
Is 75 a factor of 674250?
True
Does 19 divide 3508065?
True
Is 6 a factor of 2937990?
True
Is 2487162 a multiple of 24?
False
Is 247 a factor of 2057941?
False
Is 7 a factor of 508718?
True
Is 82 a factor of 89034?
False
Is 18 a factor of 114196?
False
Does 28 divide 3933345?
False
Is 1145399 a multiple of 183?
False
Does 306 divide 4518090?
True
Does 70 divide 64827?
False
Does 11 divide 80838?
False
Is 23237 a multiple of 29?
False
Does 247 divide 2987152?
False
Is 116 a factor of 174610?
False
Is 149175 a multiple of 85?
True
Is 66544 a multiple of 16?
True
Is 6405984 a multiple of 118?
True
Does 43 divide 2614443?
True
Is 26100 a multiple of 20?
True
Is 131 a factor of 844557?
True
Is 44 a factor of 115900?
False
Is 876 a factor of 1042440?
True
Is 14884047 a multiple of 783?
True
Does 198 divide 455400?
True
Is 290325 a multiple of 35?
True
Is 20 a factor of 24543?
False
Does 23 divide 638556?
False
Does 10 divide 147460?
True
Does 348 divide 98028?
False
Does 21 divide 116151?
True
Does 95 divide 82425?
False
Does 45 divide 75690?
True
Does 5 divide 1027688?
False
Does 519 divide 3099582?
False
Is 2411345 a multiple of 306?
False
Does 242 divide 470448?
True
Does 17 divide 92718?
True
Does 17 divide 327533?
False
Does 56 divide 717696?
True
Is 13 a factor of 679437?
False
Is 5021050 a multiple of 419?
False
Is 361973 a multiple of 36?
False
Is 1246739 a multiple of 13?
True
Is 85 a factor of 311525?
True
Does 10 divide 1044328?
False
Is 94050 a multiple of 11?
True
Is 162 a factor of 5712606?
True
Does 105 divide 369374?
False
Is 344 a factor of 61777?
False
Is 4691 a multiple of 2?
False
Does 120 divide 385080?
True
Is 57457 a multiple of 13?
False
Is 39 a factor of 890604?
True
Does 19 divide 9794329?
True
Is 53 a factor of 171031?
True
Is 554 a factor of 108749?
False
Is 1764 a factor of 34322849?
False
Is 44835 a multiple of 289?
False
Does 7 divide 3491456?
False
Is 182 a factor of 142506?
True
Is 77 a factor of 1564332?
True
Is 1525405 a multiple of 17?
False
Is 3 a factor of 40964?
False
Does 187 divide 1562922?
False
Does 582 divide 3590940?
True
Does 243 divide 16120258?
False
Does 10 divide 126368?
False
Does 13 divide 347347?
True
Is 52 a factor of 63908?
True
Is 1534 a factor of 550682?
False
Does 45 divide 380872?
False
Is 110538 a multiple of 6?
True
Does 17 divide 674731?
False
Does 3 divide 412926?
True
Is 806490 a multiple of 103?
True
Is 4000384 a multiple of 349?
False
Does 9 divide 877150?
False
Is 26200 a multiple of 5?
True
Is 51510 a multiple of 34?
True
Is 76066 a multiple of 73?
True
Is 9530778 a multiple of 34?
True
Is 95 a factor of 126116?
False
Is 1392 a factor of 5665137?
False
Is 745700 a multiple of 5?
True
Is 2 a factor of 3616290?
True
Is 212040 a multiple of 18?
True
Is 10 a factor of 758676?
False
Does 14 divide 1105523?
False
Is 25 a factor of 232900?
True
Is 11 a factor of 3059980?
True
Does 1806 divide 845208?
True
Does 32 divide 215776?
True
Is 48 a factor of 8591664?
True
Is 3396293 a multiple of 46?
False
Is 8436 a multiple of 29?
False
Is 71869 a multiple of 4?
False
Is 29 a factor of 550234?
False
Is 270028 a multiple of 76?
True
Is 1402837 a multiple of 197?
True
Is 44 a factor of 126368?
True
Is 213 a factor of 1066595?
False
Is 795522 a multiple of 282?
True
Is 323792 a multiple of 16?
True
Is 1514474 a multiple of 131?
False
Is 39 a factor of 33619?
False
Does 3 divide 1573452?
True
Does 18 divide 295038?
True
Does 13 divide 2105773?
False
Is 30 a factor of 3054180?
True
Does 18 divide 16283988?
True
Does 3 divide 17605?
False
Does 113 divide 51867?
True
Is 368214 a multiple of 11?
True
Is 285 a factor of 642390?
True
Is 134680 a multiple of 518?
True
Does 25 divide 8949581?
False
Is 6 a factor of 2533638?
True
Is 20 a factor of 9694280?
True
Does 4 divide 712?
True
Is 318908 a multiple of 1154?
False
Is 22 a factor of 1280081?
False
Does 9 divide 292904?
False
Is 180817 a multiple of 36?
False
Does 20 divide 1609239?
False
Is 109 a factor of 357530?
False
Is 144463 a multiple of 253?
True
Is 802050 a multiple of 15?
True
Is 14066216 a multiple of 221?
False
Does 30 divide 114292?
False
Is 341536 a multiple of 208?
True
Is 22 a factor of 270448?
False
Is 22 a factor of 3960154?
True
Does 129 divide 5676?
True
Is 235 a factor of 103286?
False
Is 677 a factor of 2237483?
False
Is 48 a factor of 2163648?
True
Is 2137038 a multiple of 289?
False
Does 66 divide 150018?
True
Is 57401 a multiple of 140?
False
Is 53 a factor of 561606?
False
Does 148 divide 148514?
False
Does 57 divide 35357?
False
Is 2997008 a multiple of 14?
True
Is 682395 a multiple of 335?
True
Is 990 a factor of 5745208?
False
Does 34 divide 5405728?
True
Is 11 a factor of 3403609?
True
Does 10 divide 317350?
True
Is 526680 a multiple of 264?
True
Is 501077 a multiple of 104?
False
Is 2405196 a multiple of 91?
False
Is 395251 a multiple of 3?
False
Is 93510 a multiple of 30?
True
Does 93 divide 162471?
True
Is 1536141 a multiple of 296?
False
Does 589 divide 842270?
True
Does 160 divide 83028?
False
Is 784823 a multiple of 107?
False
Is 18954 a multiple of 7?
False
Is 647 a factor of 2058100?
False
Is 36 a factor of 427608?
True
Does 49 divide 8232?
True
Is 298 a factor of 2815724?
False
Is 11 a factor of 183481?
False
Does 109 divide 45529?
False
Is 26 a factor of 53378?
True
Is 27 a factor of 183049?
False
Is 1502025 a multiple of 525?
True
Is 30 a factor of 3253500?
True
Is 16488 a multiple of 687?
True
Is 1601928 a multiple of 419?
False
Is 12400127 a multiple of 104?
False
Is 1570380 a multiple of 210?
True
Does 7 divide 444710?
True
Does 17 divide 67643?
True
Does 132 divide 436260?
True
Does 43 divide 507540?
False
Does 32 divide 849195?
False
Is 139652 a multiple of 28?
False
Does 149 divide 36505?
True
Is 1486542 a multiple of 327?
True
Is 449152 a multiple of 5?
False
Is 1101741 a multiple of 26?
False
Is 252445 a multiple of 6?
False
Is 3472920 a multiple of 60?
True
Is 289052 a multiple of 21?
False
Is 30 a factor of 353370?
True
Does 90 divide 249597?
False
Is 172 a factor of 4353836?
True
Is 964712 a multiple of 23?
True
Does 159 divide 158523?
True
Does 202 divide 332396?
False
Does 19 divide 21029?
False
Does 2 divide 217407?
False
Is 21475 a multiple of 10?
False
Does 7 divide 148391?
False
Is 885038 a multiple of 28?
False
Is 201363 a multiple of 146?
False
Is 342000 a multiple of 12?
True
Is 533173 a multiple of 40?
False
Does 513 divide 4493198?
False
Is 790867 a multiple of 11?
True
Is 349 a factor of 1304391?
False
Is 11968425 a multiple of 105?
True
Is 16215 a multiple of 23?
True
Does 22 divide 2562970?
False
Does 861 divide 2569024?
False
Does 42 divide 273042?
True
Does 137 divide 66582?
True
Does 126 divide 61816?
False
Is 27109 a multiple of 21?
False
Is 5 a factor of 364842?
False
Is 625 a factor of 412611?
False
Does 16 divide 4936194?
False
Does 317 divide 536681?
True
Does 47 divide 2462142?
True
Is 115 a factor of 2196944?
False
Is 182 a factor of 377985?
False
Is 3271914 a multiple of 27?
True
Is 635431 a multiple of 422?
False
Is 88356 a multiple of 109?
False
Is 55 a factor of 557975?
True
Does 128 divide 19208119?
False
Does 137 divide 751980?
False
Does 36 divide 180864?
True
Does 142 divide 859583?
False
Does 100 divide 7400?
True
Is 1125 a factor of 5330250?
True
Does 13 divide 64988?
False
Does 14 divide 89656?
True
Does 65 div